= 2*k**3 + 21*k**2 - 18613*k - 222938. Calculate l(-12).
-14
Let b(l) = l**3 + 198*l**2 - 540*l - 67868. Determine b(-199).
-9
Let j(v) = -14*v**3 + 2872*v**2 - 8896*v + 1624. Calculate j(202).
8
Let b(a) = -97407*a - 292200. Determine b(-3).
21
Let b(z) = -4*z**3 + 42*z**2 - 46*z + 171. Give b(8).
443
Let k(x) = -3*x**3 + 102*x**2 - 80*x + 2723. Give k(34).
3
Let z(i) = -11*i**2 - 257*i - 4358. What is z(-20)?
-3618
Let z(n) = 2796*n - 1028853. Calculate z(368).
75
Let n(o) = -3998*o + 403788. Give n(101).
-10
Let k(l) = -242*l - 9442. Determine k(-38).
-246
Let f(b) = 45*b**2 - 136*b - 9. Give f(3).
-12
Let u(v) = 50*v**2 + 1467*v - 96. What is u(-29)?
-589
Let x(a) = 1328*a**2 - 4048*a + 63. What is x(3)?
-129
Let f(t) = -t**2 + 16132*t - 145113. Give f(9).
-6
Let d(i) = i**3 + 3*i**2 - 43*i - 67. Determine d(15).
3338
Let s(i) = -7*i**2 + 3146*i + 28888. Determine s(-9).
7
Let h(j) = -3*j**2 - 82*j + 38638. Give h(-128).
-18
Let u(x) = -x**2 - 2313*x + 72662. Give u(31).
-2
Let t(a) = 2*a**3 - 375*a**2 + 1992*a + 1829. What is t(182)?
9
Let m(o) = -13*o**2 + 177*o - 509. What is m(4)?
-9
Let w(t) = 22641*t - 181331. Calculate w(8).
-203
Let h(p) = -1131*p + 4526. Determine h(4).
2
Let i(v) = -v**2 - 44*v + 2847. What is i(-93)?
-1710
Let d(x) = -x**3 + 31*x**2 - 51*x + 3431. Determine d(33).
-430
Let k(b) = b**2 - 16952*b - 118735. Give k(-7).
-22
Let d(t) = 50*t**2 + 321*t + 138. Calculate d(-9).
1299
Let x(n) = n**3 + 6*n**2 + 17191*n + 68730. Determine x(-4).
-2
Let c(z) = z**3 + 132*z**2 + 175*z - 11216. Determine c(-130).
-166
Let c(h) = -h**3 + 145*h**2 + 291*h - 450. Determine c(147).
-891
Let d(h) = h**3 + 156*h**2 - 2986*h - 7775. Calculate d(-173).
10
Let w(n) = 2322*n**2 - 44123*n + 111. Determine w(19).
16
Let u(j) = j**3 + j**2 - 272*j - 2627. Calculate u(0).
-2627
Let n(f) = -64*f**2 - 304*f + 481. What is n(-6)?
1
Let v(r) = -43736*r - 131211. Give v(-3).
-3
Let w(q) = -260*q**2 + 3105*q - 22. What is w(12)?
-202
Let d(v) = 3*v**2 - 666*v - 2270417. Calculate d(988).
7
Let y(r) = r**3 + 38*r**2 - 316*r - 4421. What is y(-8)?
27
Let d(i) = -130*i**2 + 4029*i + 92. Give d(31).
61
Let s(f) = -3146*f + 1006712. Calculate s(320).
-8
Let w(q) = -10525*q + 1115625. Determine w(106).
-25
Let x(f) = 84*f + 566. Determine x(4).
902
Let b(n) = 3*n**3 + 15*n**2 - 439*n - 1365. Give b(-3).
6
Let k(z) = -5*z**3 - 6*z**2 + 30*z + 407. Calculate k(0).
407
Let w(l) = -3*l**2 + 12017*l - 628450. Determine w(53).
24
Let j(l) = -l**3 + 12*l**2 + 79*l - 112. Determine j(12).
836
Let s(v) = -4*v**3 + 240*v**2 - 688*v + 228. What is s(57)?
0
Let h(t) = 46563*t + 372501. Give h(-8).
-3
Let s(z) = -z**2 - 339*z + 18581. Give s(-387).
5
Let t(y) = 6*y**2 + 137*y + 282. Determine t(-2).
32
Let k(p) = 229112*p + 1374720. Give k(-6).
48
Let h(q) = 76498*q + 1300451. Give h(-17).
-15
Let i(d) = -d**3 + 6*d**2 + 203*d + 674. Give i(-8).
-54
Let h(x) = 1607*x - 179982. Calculate h(112).
2
Let k(p) = 2413*p - 202706. Determine k(84).
-14
Let z(p) = -491*p**2 - 16*p - 1. What is z(1)?
-508
Let r(l) = l**3 + 80*l**2 + 382*l - 6. What is r(-5)?
-41
Let w(v) = v**3 - 111*v**2 + 405*v + 78. Determine w(4).
-14
Let w(v) = -3*v**2 - 471*v + 24544. Determine w(43).
-1256
Let t(q) = -30683*q + 245476. What is t(8)?
12
Let l(k) = 9*k**3 + 446*k**2 - 2213*k + 51. Give l(5).
1261
Let k(j) = 100*j**2 + 611*j + 48. What is k(-6)?
-18
Let k(t) = t**3 + 83*t**2 + 501*t + 163. Give k(-6).
-71
Let i(w) = -w**3 + 135*w**2 - 656*w + 906. Give i(130).
126
Let s(j) = -2*j**3 + 22*j**2 - 36*j + 189. Give s(9).
189
Let d(p) = 89*p + 5195. What is d(-49)?
834
Let r(f) = -1081*f - 70948. Determine r(-67).
1479
Let r(j) = -2*j**3 - 17*j**2 + 5*j - 253. Determine r(-10).
-3
Let g(c) = -91*c + 2096. What is g(33)?
-907
Let l(i) = i**3 + 24*i**2 + 27*i - 202. Give l(-20).
858
Let i(r) = 4*r**3 - 3361*r**2 + 16706*r. Calculate i(5).
5
Let d(f) = 1199*f - 22703. Calculate d(19).
78
Let k(c) = -c**2 + 285020*c - 29631256. What is k(104)?
8
Let v(m) = -12*m**3 - 229*m**2 + 99*m + 8. Determine v(-20).
2428
Let x(w) = -29*w**2 - 49806*w + 49829. Calculate x(1).
-6
Let z(b) = 169*b + 18410. Calculate z(-107).
327
Let w(x) = -1243*x - 72799. What is w(-55)?
-4434
Let j(u) = 6229*u**2 + 56241*u - 5. Determine j(-9).
-1625
Let c(l) = -468*l + 310653. Calculate c(664).
-99
Let r(g) = -4*g**2 + 1722*g - 5154. What is r(3)?
-24
Let l(q) = 2*q**2 - 311*q + 4043. Give l(13).
338
Let b(j) = 351*j - 10277. Calculate b(29).
-98
Let g(z) = 2451*z - 24490. Calculate g(10).
20
Let b(z) = z**3 + 42*z**2 - 154*z + 3825. Calculate b(-47).
18
Let s(q) = -2*q**3 + 174*q**2 - 303*q - 3346. Determine s(85).
-201
Let k(y) = y**3 + 19*y**2 + 26*y + 190. Determine k(-18).
46
Let x(v) = -85623*v**2 + 5223003*v + 41. What is x(61)?
41
Let y(n) = -28*n**3 - 20*n**2 + 23*n - 6. Determine y(2).
-264
Let a(d) = 2*d**2 - 754*d - 90280. Give a(-96).
536
Let b(v) = v**3 - 154*v**2 + 750*v - 753. Calculate b(149).
-8
Let m(o) = -168*o**2 + 1357*o + 1407. What is m(9)?
12
Let p(j) = 8*j**2 + 147*j - 13424. Give p(33).
139
Let b(o) = 2773*o - 149728. What is b(54)?
14
Let x(k) = -39*k**2 + 96*k + 323. What is x(-3)?
-316
Let x(l) = 46*l**2 + 10542*l - 21203. Calculate x(2).
65
Let u(p) = -p**3 - 13*p**2 + 5183*p + 62345. What is u(-12)?
5
Let v(p) = -1878*p - 12866. Determine v(-7).
280
Let f(l) = -l**3 + 168*l**2 - 3808*l + 148. Determine f(141).
7
Let n(l) = -541*l**2 + 3565*l - 87. Determine n(6).
1827
Let f(k) = -352*k**2 - 65*k - 101. What is f(-3)?
-3074
Let w(t) = -359*t - 44524. Give w(-124).
-8
Let u(w) = 6288*w + 767341. Calculate u(-122).
205
Let n(w) = 909*w - 621752. What is n(684)?
4
Let l(i) = -i**3 - 20*i**2 + 8*i - 520. Calculate l(-21).
-247
Let a(z) = 4*z**2 - 98*z + 314. What is a(22)?
94
Let v(n) = -2*n**3 - 29*n**2 - 29*n + 31. What is v(-8)?
-569
Let m(f) = f**3 + 79*f**2 - 364*f - 2006. Calculate m(-83).
650
Let x(i) = 80*i - 83. Give x(-1).
-163
Let f(a) = -9602*a - 864054. What is f(-90)?
126
Let r(x) = -705*x - 90944. Give r(-129).
1
Let a(m) = m**3 - 30*m**2 - 6623*m + 13356. What is a(2)?
-2
Let j(u) = -35*u + 1204. Calculate j(28).
224
Let v(z) = 4*z**3 - 231*z**2 - 2136*z - 52. Determine v(-8).
204
Let c(j) = -j**3 + 7*j**2 + 653*j + 1258. Give c(-2).
-12
Let i(g) = g**3 + 63*g**2 + 463*g + 1472. Give i(-55).
207
Let x(l) = -58*l**3 - 389*l**2 - 560*l - 170. Give x(-1).
59
Let g(a) = 416*a**2 - 8449*a + 40970. What is g(8)?
2
Let t(h) = -h**3 - 246*h**2 + 958*h - 10230. Give t(-250).
270
Let c(b) = -2*b**3 + 24*b**2 - 5810*b + 63666. Determine c(11).
-2
Let n(m) = 172389*m + 32409144. Determine n(-188).
12
Let p(t) = -35*t**2 + 52*t + 46. Determine p(2).
10
Let b(n) = 446*n + 40863. Determine b(-92).
-169
Let r(f) = 5660*f - 401739. Calculate r(71).
121
Let w(t) = 507*t**2 + 1939*t + 4. Give w(-4).
360
Let p(d) = -41830*d + 1840525. What is p(44)?
5
Let b(a) = 4*a**3 + 73*a**2 + 23*a + 87. Give b(-18).
-3
Let x(k) = -11526*k + 1694323. Give x(147).
1
Let p(h) = 93*h + 2897. What is p(-31)?
14
Let v(w) = 97*w + 24261. Give v(-250).
11
Let p(j) = -j**3 - 164*j**2 - 198*j - 5589. What is p(-163)?
116
Let r(p) = -3*p**3 - 243*p**2 - 3356*p - 271849. What is r(-81)?
-13
Let i(y) = -543*y + 147. Give i(1).
-396
Let p(d) = -32923*d + 230674. What is p(7)?
213
Let q(v) = -2*v**2 + 166*v - 2430. Give q(64).
2
Let q(d) = 5*d**3 - 2*d**2 + 119*d - 458. What is q(3)?
16
Let u(c) = c**3 - c**2 + 113*c - 654. Determine u(6).
204
Let u(t) = 2*t**3 - 191*t**2 + 1922*t + 788. Determine u(84).
-52
Let t(j) = 506*j**2 + 2594*j - 2. Determine t(-5).
-322
Let p(w) = -168*w**2 + 3091*w + 24621. What is p(-6)?
27
Let v(c) = -440*c + 50. Determine v(4).
-1710
Let k(j) = 11660*j - 384628. What is k(33)?
152
Let t(i) = 19*i**2 + 12648*i + 21263. Determine t(-664).
15
Let m(r) = -120*r - 806. Determine m(-16).
1114
Let x(o) = 1101*o - 7605. Determine x(7).
102
Let g(u) = u**3 + 31*u**2 + 87*u + 6423. Determine g(-34).
-3
Let l(m) = -m**3 - 98*m**2 + 476*m - 116. Determine l(4).
156
Let u(v) = -4274*v - 279. Determine u(0).
-279
Let s(g) = 787*g - 14193. Calculate s(18).
-27
Let b(n) = -164434*n - 822189. Calculate b(-5).
-19
Let h(f) = 21669*f + 86659. What is h(-4)?
-17
Let m(t) = 128*t**2 + 13*t + 2. Determine m(1).
1